{"id":741,"date":"2024-06-14T12:05:45","date_gmt":"2024-06-14T10:05:45","guid":{"rendered":"https:\/\/patrimoinesinvisibles.com\/?page_id=741"},"modified":"2025-06-16T17:29:30","modified_gmt":"2025-06-16T15:29:30","slug":"page-daccueil","status":"publish","type":"page","link":"https:\/\/patrimoinesinvisibles.com\/","title":{"rendered":"Home"},"content":{"rendered":"\t\t<div data-elementor-type=\"wp-page\" data-elementor-id=\"741\" class=\"elementor elementor-741\" data-elementor-post-type=\"page\">\n\t\t\t\t<div class=\"elementor-element elementor-element-1669d5c e-con-full e-flex e-con e-parent\" data-id=\"1669d5c\" data-element_type=\"container\" data-e-type=\"container\" data-settings=\"{&quot;background_background&quot;:&quot;slideshow&quot;,&quot;background_slideshow_gallery&quot;:[{&quot;id&quot;:78,&quot;url&quot;:&quot;http:\\\/\\\/patrimoinesinvisibles.com\\\/wp-content\\\/uploads\\\/2024\\\/06\\\/Chapeaux-Carnaval-Citadelle-scaled.jpg&quot;},{&quot;id&quot;:74,&quot;url&quot;:&quot;http:\\\/\\\/patrimoinesinvisibles.com\\\/wp-content\\\/uploads\\\/2024\\\/06\\\/Carnaval-Citadelle-scaled.jpg&quot;},{&quot;id&quot;:82,&quot;url&quot;:&quot;http:\\\/\\\/patrimoinesinvisibles.com\\\/wp-content\\\/uploads\\\/2024\\\/06\\\/Detail-chapeau-Citadelle-scaled.jpg&quot;}],&quot;background_slideshow_loop&quot;:&quot;yes&quot;,&quot;background_slideshow_slide_duration&quot;:5000,&quot;background_slideshow_slide_transition&quot;:&quot;fade&quot;,&quot;background_slideshow_transition_duration&quot;:500}\">\n\t\t\t\t<div class=\"elementor-element elementor-element-ee471f8 elementor-widget elementor-widget-heading\" data-id=\"ee471f8\" data-element_type=\"widget\" data-e-type=\"widget\" data-widget_type=\"heading.default\">\n\t\t\t\t<div class=\"elementor-widget-container\">\n\t\t\t\t\t<h2 class=\"elementor-heading-title elementor-size-default\">Exposition virtuelle<\/h2>\t\t\t\t<\/div>\n\t\t\t\t<\/div>\n\t\t\t\t<div class=\"elementor-element elementor-element-3060cfa elementor-widget elementor-widget-text-editor\" data-id=\"3060cfa\" data-element_type=\"widget\" data-e-type=\"widget\" data-widget_type=\"text-editor.default\">\n\t\t\t\t<div class=\"elementor-widget-container\">\n\t\t\t\t\t\t\t\t\t<p>Les f\u00eates du littoral<\/p><p>Le patrimoine maritime \u00e0 travers ses f\u00eates : Boulogne-sur-Mer, \u00c9taples, Dunkerque<\/p>\t\t\t\t\t\t\t\t<\/div>\n\t\t\t\t<\/div>\n\t\t\t\t<div class=\"elementor-element elementor-element-0753ab6 elementor-widget elementor-widget-button\" data-id=\"0753ab6\" data-element_type=\"widget\" data-e-type=\"widget\" data-widget_type=\"button.default\">\n\t\t\t\t<div class=\"elementor-widget-container\">\n\t\t\t\t\t\t\t\t\t<div class=\"elementor-button-wrapper\">\n\t\t\t\t\t<a class=\"elementor-button elementor-button-link elementor-size-sm\" href=\"https:\/\/patrimoinesinvisibles.com\/index.php\/exposition\/\">\n\t\t\t\t\t\t<span class=\"elementor-button-content-wrapper\">\n\t\t\t\t\t\t\t\t\t<span class=\"elementor-button-text\">Cliquez ici<\/span>\n\t\t\t\t\t<\/span>\n\t\t\t\t\t<\/a>\n\t\t\t\t<\/div>\n\t\t\t\t\t\t\t\t<\/div>\n\t\t\t\t<\/div>\n\t\t\t\t<\/div>\n\t\t<div class=\"elementor-element elementor-element-2ff923a e-flex e-con-boxed e-con e-parent\" data-id=\"2ff923a\" data-element_type=\"container\" data-e-type=\"container\">\n\t\t\t\t\t<div class=\"e-con-inner\">\n\t\t\t\t<div class=\"elementor-element elementor-element-276da8c elementor-widget elementor-widget-heading\" data-id=\"276da8c\" data-element_type=\"widget\" data-e-type=\"widget\" data-widget_type=\"heading.default\">\n\t\t\t\t<div class=\"elementor-widget-container\">\n\t\t\t\t\t<h2 class=\"elementor-heading-title elementor-size-default\">LE PROJET<\/h2>\t\t\t\t<\/div>\n\t\t\t\t<\/div>\n\t\t\t\t<div class=\"elementor-element elementor-element-1f432f1 elementor-widget elementor-widget-posts\" data-id=\"1f432f1\" data-element_type=\"widget\" data-e-type=\"widget\" data-settings=\"{&quot;full_content_row_gap&quot;:{&quot;unit&quot;:&quot;px&quot;,&quot;size&quot;:35,&quot;sizes&quot;:[]}}\" data-widget_type=\"posts.full_content\">\n\t\t\t\t<div class=\"elementor-widget-container\">\n\t\t\t\t\t\t\t<div class=\"elementor-posts-container elementor-posts elementor-posts--skin-full_content elementor-grid\" role=\"list\">\n\t\t\t\t<article class=\"elementor-post elementor-grid-item post-1352 post type-post status-publish format-standard hentry category-le-projet\" role=\"listitem\">\n\t\t\t\t<div class=\"elementor-post__text\">\n\t\t\n<p><em><strong>Entre savants et populaires : les patrimoines invisibles des Hauts de France \u2013 Cr\u00e9ations, r\u00e9appropriations, synergies.<\/strong><\/em><\/p>\n\n\n\n<p>Laur\u00e9at du dispositif STIMULE de la r\u00e9gion Hauts-de-France, notre projet est\u00a0port\u00e9 par le laboratoire Textes et Cultures, UR4023, en partenariat avec le CREHS de l\u2019universit\u00e9 d\u2019Artois et le CURAPP-ESS de l\u2019universit\u00e9 de Picardie Jules Verne. Il \u00e9tudie le patrimoine invisible des Hauts-de-France \u00e0 partir d\u2019\u00e9tudes de cas. Il s\u2019int\u00e9resse tout particuli\u00e8rement \u00e0 des lieux marqu\u00e9s par la d\u00e9sindustrialisation, dont la patrimonialisation n\u2019est pas encore ou incompl\u00e8tement advenue ainsi qu\u2019au patrimoine culturel immat\u00e9riel, qui compte encore peu d\u2019\u00e9l\u00e9ments dans une r\u00e9gion pourtant riche de savoir-faire, de gestes et de pratiques charg\u00e9s de m\u00e9moire, mais qui semblent vou\u00e9s \u00e0 l\u2019oubli, en dehors de cercles associatifs ou de groupes informels. Deux s\u00e9ries d\u2019\u00e9l\u00e9ments sont \u00e0 cet \u00e9gard, objets d\u2019une enqu\u00eate ethnographique articulant d\u00e9pouillement d\u2019archives et observations de terrain\u00a0: les chansons locales, dont l\u2019abondant r\u00e9pertoire est tr\u00e8s mal connu ainsi que les f\u00eates, g\u00e9ants et Carnaval, dont certains font l\u2019objet d\u2019une revitalisation r\u00e9cente, tandis que d\u2019autres se perp\u00e9tuent dans un entre-soi local et restent ignor\u00e9es du grand public. Outre l\u2019\u00e9tablissement de bases de donn\u00e9es, ce travail s\u2019attache \u00e0 comprendre les raisons de l\u2019invisibilit\u00e9 de certains patrimoines et plus encore la mani\u00e8re dont ils pourraient contribuer \u00e0 la mise en valeur des territoires de la r\u00e9gion. La cr\u00e9ation d\u2019un site web est un outil de recherche pour la valorisation des patrimoines invisibles ou invisibilis\u00e9s de la r\u00e9gion Hauts-de-France. Il s\u2019adressera tout autant aux chercheurs, aux responsables locaux qu\u2019aux passionn\u00e9s, amateurs de patrimoines vivants (th\u00e9\u00e2tre, musique, danse, processions carnavalesques, marionnettes, etc.) et large public.\u00a0<\/p>\n\t\t<\/div>\n\t\t\t\t<\/article>\n\t\t\t\t<\/div>\n\t\t\n\t\t\t\t\t\t<\/div>\n\t\t\t\t<\/div>\n\t\t\t\t\t<\/div>\n\t\t\t\t<\/div>\n\t\t<div class=\"elementor-element elementor-element-6a638e9 e-flex e-con-boxed e-con e-parent\" data-id=\"6a638e9\" data-element_type=\"container\" data-e-type=\"container\">\n\t\t\t\t\t<div class=\"e-con-inner\">\n\t\t\t\t<div class=\"elementor-element elementor-element-58dd64c elementor-widget elementor-widget-heading\" data-id=\"58dd64c\" data-element_type=\"widget\" data-e-type=\"widget\" data-widget_type=\"heading.default\">\n\t\t\t\t<div class=\"elementor-widget-container\">\n\t\t\t\t\t<h2 class=\"elementor-heading-title elementor-size-default\">Derniers articles parus<\/h2>\t\t\t\t<\/div>\n\t\t\t\t<\/div>\n\t\t\t\t<div class=\"elementor-element elementor-element-621dbb2 elementor-grid-3 elementor-grid-tablet-2 elementor-grid-mobile-1 elementor-posts--thumbnail-top elementor-widget elementor-widget-posts\" data-id=\"621dbb2\" data-element_type=\"widget\" data-e-type=\"widget\" data-settings=\"{&quot;classic_columns&quot;:&quot;3&quot;,&quot;classic_columns_tablet&quot;:&quot;2&quot;,&quot;classic_columns_mobile&quot;:&quot;1&quot;,&quot;classic_row_gap&quot;:{&quot;unit&quot;:&quot;px&quot;,&quot;size&quot;:35,&quot;sizes&quot;:[]},&quot;classic_row_gap_tablet&quot;:{&quot;unit&quot;:&quot;px&quot;,&quot;size&quot;:&quot;&quot;,&quot;sizes&quot;:[]},&quot;classic_row_gap_mobile&quot;:{&quot;unit&quot;:&quot;px&quot;,&quot;size&quot;:&quot;&quot;,&quot;sizes&quot;:[]}}\" data-widget_type=\"posts.classic\">\n\t\t\t\t<div class=\"elementor-widget-container\">\n\t\t\t\t\t\t\t<div class=\"elementor-posts-container elementor-posts elementor-posts--skin-classic elementor-grid\" role=\"list\">\n\t\t\t\t<article class=\"elementor-post elementor-grid-item post-2009 post type-post status-publish format-standard has-post-thumbnail hentry category-carnaval category-patrimoines\" role=\"listitem\">\n\t\t\t\t<a class=\"elementor-post__thumbnail__link\" href=\"https:\/\/patrimoinesinvisibles.com\/index.php\/2025\/08\/21\/au-pays-de-gargantua-le-carnaval-comme-art-de-vivre-en-flandre-le-carnaval-de-bailleul\/\" tabindex=\"-1\" >\n\t\t\t<div class=\"elementor-post__thumbnail\"><img fetchpriority=\"high\" decoding=\"async\" width=\"2560\" height=\"1707\" src=\"https:\/\/patrimoinesinvisibles.com\/wp-content\/uploads\/2025\/08\/Quelques-membres-de-la-Societe-des-Queteurs-scaled.jpg\" class=\"attachment-full size-full wp-image-2016\" alt=\"\" srcset=\"https:\/\/patrimoinesinvisibles.com\/wp-content\/uploads\/2025\/08\/Quelques-membres-de-la-Societe-des-Queteurs-scaled.jpg 2560w, https:\/\/patrimoinesinvisibles.com\/wp-content\/uploads\/2025\/08\/Quelques-membres-de-la-Societe-des-Queteurs-300x200.jpg 300w, https:\/\/patrimoinesinvisibles.com\/wp-content\/uploads\/2025\/08\/Quelques-membres-de-la-Societe-des-Queteurs-1024x683.jpg 1024w, https:\/\/patrimoinesinvisibles.com\/wp-content\/uploads\/2025\/08\/Quelques-membres-de-la-Societe-des-Queteurs-768x512.jpg 768w, https:\/\/patrimoinesinvisibles.com\/wp-content\/uploads\/2025\/08\/Quelques-membres-de-la-Societe-des-Queteurs-1536x1024.jpg 1536w, https:\/\/patrimoinesinvisibles.com\/wp-content\/uploads\/2025\/08\/Quelques-membres-de-la-Societe-des-Queteurs-2048x1365.jpg 2048w\" sizes=\"(max-width: 2560px) 100vw, 2560px\" \/><\/div>\n\t\t<\/a>\n\t\t\t\t<div class=\"elementor-post__text\">\n\t\t\t\t<h3 class=\"elementor-post__title\">\n\t\t\t<a href=\"https:\/\/patrimoinesinvisibles.com\/index.php\/2025\/08\/21\/au-pays-de-gargantua-le-carnaval-comme-art-de-vivre-en-flandre-le-carnaval-de-bailleul\/\" >\n\t\t\t\tAu pays de Gargantua : le carnaval comme art de vivre en Flandre &#8211; Le Carnaval de Bailleul\t\t\t<\/a>\n\t\t<\/h3>\n\t\t\t\t<div class=\"elementor-post__meta-data\">\n\t\t\t\t\t<span class=\"elementor-post-date\">\n\t\t\t21 August 2025\t\t<\/span>\n\t\t\t\t<\/div>\n\t\t\t\t<div class=\"elementor-post__excerpt\">\n\t\t\t<p>En Flandre fran\u00e7aise, entre Lille et Dunkerque, aux portes de la Belgique, la ville de Bailleulc\u00e9l\u00e8bre chaque Mardi-Gras une tradition carnavalesque qui perdure depuis au<\/p>\n\t\t<\/div>\n\t\t\n\t\t<a class=\"elementor-post__read-more\" href=\"https:\/\/patrimoinesinvisibles.com\/index.php\/2025\/08\/21\/au-pays-de-gargantua-le-carnaval-comme-art-de-vivre-en-flandre-le-carnaval-de-bailleul\/\" aria-label=\"Read more about Au pays de Gargantua : le carnaval comme art de vivre en Flandre &#8211; Le Carnaval de Bailleul\" tabindex=\"-1\" >\n\t\t\tLire la suite \u00bb\t\t<\/a>\n\n\t\t\t\t<\/div>\n\t\t\t\t<\/article>\n\t\t\t\t<article class=\"elementor-post elementor-grid-item post-1983 post type-post status-publish format-standard has-post-thumbnail hentry category-spectacles category-patrimoines\" role=\"listitem\">\n\t\t\t\t<a class=\"elementor-post__thumbnail__link\" href=\"https:\/\/patrimoinesinvisibles.com\/index.php\/2025\/06\/26\/sylvie-and-coqs\/\" tabindex=\"-1\" >\n\t\t\t<div class=\"elementor-post__thumbnail\"><img decoding=\"async\" width=\"864\" height=\"486\" src=\"https:\/\/patrimoinesinvisibles.com\/wp-content\/uploads\/2025\/06\/Sylvie-and-Coqs-La-Voix-du-Nord.jpg\" class=\"attachment-full size-full wp-image-1989\" alt=\"\" srcset=\"https:\/\/patrimoinesinvisibles.com\/wp-content\/uploads\/2025\/06\/Sylvie-and-Coqs-La-Voix-du-Nord.jpg 864w, https:\/\/patrimoinesinvisibles.com\/wp-content\/uploads\/2025\/06\/Sylvie-and-Coqs-La-Voix-du-Nord-300x169.jpg 300w, https:\/\/patrimoinesinvisibles.com\/wp-content\/uploads\/2025\/06\/Sylvie-and-Coqs-La-Voix-du-Nord-768x432.jpg 768w\" sizes=\"(max-width: 864px) 100vw, 864px\" \/><\/div>\n\t\t<\/a>\n\t\t\t\t<div class=\"elementor-post__text\">\n\t\t\t\t<h3 class=\"elementor-post__title\">\n\t\t\t<a href=\"https:\/\/patrimoinesinvisibles.com\/index.php\/2025\/06\/26\/sylvie-and-coqs\/\" >\n\t\t\t\tSylvie and Co(q)s\t\t\t<\/a>\n\t\t<\/h3>\n\t\t\t\t<div class=\"elementor-post__meta-data\">\n\t\t\t\t\t<span class=\"elementor-post-date\">\n\t\t\t26 June 2025\t\t<\/span>\n\t\t\t\t<\/div>\n\t\t\t\t<div class=\"elementor-post__excerpt\">\n\t\t\t<p>Sylvie Danger, avant d\u2019\u00eatre co-autrice, \u00e0 partir de 2019, de la Revue boulonnaise, a pendant pr\u00e8s de 40 ans particip\u00e9 puis \u00e9crit la revue de<\/p>\n\t\t<\/div>\n\t\t\n\t\t<a class=\"elementor-post__read-more\" href=\"https:\/\/patrimoinesinvisibles.com\/index.php\/2025\/06\/26\/sylvie-and-coqs\/\" aria-label=\"Read more about Sylvie and Co(q)s\" tabindex=\"-1\" >\n\t\t\tLire la suite \u00bb\t\t<\/a>\n\n\t\t\t\t<\/div>\n\t\t\t\t<\/article>\n\t\t\t\t<article class=\"elementor-post elementor-grid-item post-1946 post type-post status-publish format-standard has-post-thumbnail hentry category-geants category-patrimoines\" role=\"listitem\">\n\t\t\t\t<a class=\"elementor-post__thumbnail__link\" href=\"https:\/\/patrimoinesinvisibles.com\/index.php\/2025\/06\/25\/les-differents-types-de-geants\/\" tabindex=\"-1\" >\n\t\t\t<div class=\"elementor-post__thumbnail\"><img decoding=\"async\" width=\"870\" height=\"534\" src=\"https:\/\/patrimoinesinvisibles.com\/wp-content\/uploads\/2025\/06\/Defile-de-geants-\u00a9-Le-Chti-Marche.jpg\" class=\"attachment-full size-full wp-image-1966\" alt=\"\" srcset=\"https:\/\/patrimoinesinvisibles.com\/wp-content\/uploads\/2025\/06\/Defile-de-geants-\u00a9-Le-Chti-Marche.jpg 870w, https:\/\/patrimoinesinvisibles.com\/wp-content\/uploads\/2025\/06\/Defile-de-geants-\u00a9-Le-Chti-Marche-300x184.jpg 300w, https:\/\/patrimoinesinvisibles.com\/wp-content\/uploads\/2025\/06\/Defile-de-geants-\u00a9-Le-Chti-Marche-768x471.jpg 768w\" sizes=\"(max-width: 870px) 100vw, 870px\" \/><\/div>\n\t\t<\/a>\n\t\t\t\t<div class=\"elementor-post__text\">\n\t\t\t\t<h3 class=\"elementor-post__title\">\n\t\t\t<a href=\"https:\/\/patrimoinesinvisibles.com\/index.php\/2025\/06\/25\/les-differents-types-de-geants\/\" >\n\t\t\t\tLes diff\u00e9rents types de g\u00e9ants\t\t\t<\/a>\n\t\t<\/h3>\n\t\t\t\t<div class=\"elementor-post__meta-data\">\n\t\t\t\t\t<span class=\"elementor-post-date\">\n\t\t\t25 June 2025\t\t<\/span>\n\t\t\t\t<\/div>\n\t\t\t\t<div class=\"elementor-post__excerpt\">\n\t\t\t<p>Les g\u00e9ants de nos jours sont tr\u00e8s nombreux (la f\u00e9d\u00e9ration des g\u00e9ants en d\u00e9nombre environ 500 pour les Hauts-de-France, la Belgique en compte plus de<\/p>\n\t\t<\/div>\n\t\t\n\t\t<a class=\"elementor-post__read-more\" href=\"https:\/\/patrimoinesinvisibles.com\/index.php\/2025\/06\/25\/les-differents-types-de-geants\/\" aria-label=\"Read more about Les diff\u00e9rents types de g\u00e9ants\" tabindex=\"-1\" >\n\t\t\tLire la suite \u00bb\t\t<\/a>\n\n\t\t\t\t<\/div>\n\t\t\t\t<\/article>\n\t\t\t\t<\/div>\n\t\t\n\t\t\t\t\t\t<\/div>\n\t\t\t\t<\/div>\n\t\t\t\t\t<\/div>\n\t\t\t\t<\/div>\n\t\t<div class=\"elementor-element elementor-element-4ac6351 e-flex e-con-boxed e-con e-parent\" data-id=\"4ac6351\" data-element_type=\"container\" data-e-type=\"container\">\n\t\t\t\t\t<div class=\"e-con-inner\">\n\t\t\t\t<div class=\"elementor-element elementor-element-7eef3b9 elementor-widget elementor-widget-heading\" data-id=\"7eef3b9\" data-element_type=\"widget\" data-e-type=\"widget\" data-widget_type=\"heading.default\">\n\t\t\t\t<div class=\"elementor-widget-container\">\n\t\t\t\t\t<h2 class=\"elementor-heading-title elementor-size-default\">SUR LA CARTE<\/h2>\t\t\t\t<\/div>\n\t\t\t\t<\/div>\n\t\t\t\t<div class=\"elementor-element elementor-element-bc93a47 elementor-widget elementor-widget-posts\" data-id=\"bc93a47\" data-element_type=\"widget\" data-e-type=\"widget\" data-settings=\"{&quot;full_content_row_gap&quot;:{&quot;unit&quot;:&quot;px&quot;,&quot;size&quot;:35,&quot;sizes&quot;:[]}}\" data-widget_type=\"posts.full_content\">\n\t\t\t\t<div class=\"elementor-widget-container\">\n\t\t\t\t\t\t\t<div class=\"elementor-posts-container elementor-posts elementor-posts--skin-full_content elementor-grid\" role=\"list\">\n\t\t\t\t<article class=\"elementor-post elementor-grid-item post-1441 post type-post status-publish format-standard hentry category-carte\" role=\"listitem\">\n\t\t\t\t<div class=\"elementor-post__text\">\n\t\t\n<iframe width=\"100%\" height=\"700px\" frameborder=\"0\" allowfullscreen allow=\"geolocation\" src=\"\/\/umap.openstreetmap.fr\/fr\/map\/patrinvi_1231324?scaleControl=false&#038;miniMap=false&#038;scrollWheelZoom=false&#038;zoomControl=true&#038;editMode=disabled&#038;moreControl=true&#038;searchControl=null&#038;tilelayersControl=null&#038;embedControl=null&#038;datalayersControl=true&#038;onLoadPanel=none&#038;captionBar=false&#038;captionMenus=true\"><\/iframe><p><a href=\"\/\/umap.openstreetmap.fr\/fr\/map\/patrinvi_1231324?scaleControl=false&#038;miniMap=false&#038;scrollWheelZoom=true&#038;zoomControl=true&#038;editMode=disabled&#038;moreControl=true&#038;searchControl=null&#038;tilelayersControl=null&#038;embedControl=null&#038;datalayersControl=true&#038;onLoadPanel=none&#038;captionBar=false&#038;captionMenus=true\">Voir en plein \u00e9cran<\/a><\/p>\n\t\t<\/div>\n\t\t\t\t<\/article>\n\t\t\t\t<\/div>\n\t\t\n\t\t\t\t\t\t<\/div>\n\t\t\t\t<\/div>\n\t\t\t\t\t<\/div>\n\t\t\t\t<\/div>\n\t\t\t\t<\/div>\n\t\t","protected":false},"excerpt":{"rendered":"<p>Exposition virtuelle Les f\u00eates du littoral Le patrimoine maritime \u00e0 travers ses f\u00eates : Boulogne-sur-Mer, \u00c9taples, Dunkerque Cliquez ici LE PROJET Derniers articles parus SUR LA CARTE<\/p>\n","protected":false},"author":1,"featured_media":0,"parent":0,"menu_order":0,"comment_status":"closed","ping_status":"closed","template":"","meta":{"_acf_changed":false,"footnotes":""},"class_list":["post-741","page","type-page","status-publish","hentry"],"acf":[],"_links":{"self":[{"href":"https:\/\/patrimoinesinvisibles.com\/index.php\/wp-json\/wp\/v2\/pages\/741","targetHints":{"allow":["GET"]}}],"collection":[{"href":"https:\/\/patrimoinesinvisibles.com\/index.php\/wp-json\/wp\/v2\/pages"}],"about":[{"href":"https:\/\/patrimoinesinvisibles.com\/index.php\/wp-json\/wp\/v2\/types\/page"}],"author":[{"embeddable":true,"href":"https:\/\/patrimoinesinvisibles.com\/index.php\/wp-json\/wp\/v2\/users\/1"}],"replies":[{"embeddable":true,"href":"https:\/\/patrimoinesinvisibles.com\/index.php\/wp-json\/wp\/v2\/comments?post=741"}],"version-history":[{"count":173,"href":"https:\/\/patrimoinesinvisibles.com\/index.php\/wp-json\/wp\/v2\/pages\/741\/revisions"}],"predecessor-version":[{"id":1767,"href":"https:\/\/patrimoinesinvisibles.com\/index.php\/wp-json\/wp\/v2\/pages\/741\/revisions\/1767"}],"wp:attachment":[{"href":"https:\/\/patrimoinesinvisibles.com\/index.php\/wp-json\/wp\/v2\/media?parent=741"}],"curies":[{"name":"wp","href":"https:\/\/api.w.org\/{rel}","templated":true}]}}