{"id":58,"date":"2024-06-04T16:55:43","date_gmt":"2024-06-04T14:55:43","guid":{"rendered":"https:\/\/patrimoinesinvisibles.com\/?page_id=58"},"modified":"2025-03-19T11:04:52","modified_gmt":"2025-03-19T10:04:52","slug":"exposition","status":"publish","type":"page","link":"https:\/\/patrimoinesinvisibles.com\/index.php\/exposition\/","title":{"rendered":"Les f\u00eates du littoral"},"content":{"rendered":"\t\t<div data-elementor-type=\"wp-page\" data-elementor-id=\"58\" class=\"elementor elementor-58\" data-elementor-post-type=\"page\">\n\t\t\t\t<div class=\"elementor-element elementor-element-9b6435b e-flex e-con-boxed e-con e-parent\" data-id=\"9b6435b\" data-element_type=\"container\" data-e-type=\"container\">\n\t\t\t\t\t<div class=\"e-con-inner\">\n\t\t\t\t<div class=\"elementor-element elementor-element-ea61d07 elementor-widget elementor-widget-spacer\" data-id=\"ea61d07\" data-element_type=\"widget\" data-e-type=\"widget\" data-widget_type=\"spacer.default\">\n\t\t\t\t<div class=\"elementor-widget-container\">\n\t\t\t\t\t\t\t<div class=\"elementor-spacer\">\n\t\t\t<div class=\"elementor-spacer-inner\"><\/div>\n\t\t<\/div>\n\t\t\t\t\t\t<\/div>\n\t\t\t\t<\/div>\n\t\t\t\t<div class=\"elementor-element elementor-element-40e9859 elementor-widget elementor-widget-heading\" data-id=\"40e9859\" data-element_type=\"widget\" data-e-type=\"widget\" data-widget_type=\"heading.default\">\n\t\t\t\t<div class=\"elementor-widget-container\">\n\t\t\t\t\t<h2 class=\"elementor-heading-title elementor-size-default\">Le patrimoine maritime \u00e0 travers ses f\u00eates : Boulogne-sur-Mer, \u00c9taples, Dunkerque<\/h2>\t\t\t\t<\/div>\n\t\t\t\t<\/div>\n\t\t\t\t<div class=\"elementor-element elementor-element-3460aa5 elementor-widget elementor-widget-spacer\" data-id=\"3460aa5\" data-element_type=\"widget\" data-e-type=\"widget\" data-widget_type=\"spacer.default\">\n\t\t\t\t<div class=\"elementor-widget-container\">\n\t\t\t\t\t\t\t<div class=\"elementor-spacer\">\n\t\t\t<div class=\"elementor-spacer-inner\"><\/div>\n\t\t<\/div>\n\t\t\t\t\t\t<\/div>\n\t\t\t\t<\/div>\n\t\t\t\t<div class=\"elementor-element elementor-element-aeec6a8 elementor-widget elementor-widget-text-editor\" data-id=\"aeec6a8\" data-element_type=\"widget\" data-e-type=\"widget\" data-widget_type=\"text-editor.default\">\n\t\t\t\t<div class=\"elementor-widget-container\">\n\t\t\t\t\t\t\t\t\t<p style=\"font-weight: 400;\">Cette exposition rend compte d\u2019un travail d\u2019enqu\u00eate de terrain r\u00e9alis\u00e9 dans le cadre d\u2019un appel \u00e0 projets (CPER Anamorphoses, \u00ab\u00a0Anamorphose. Le patrimoine sous le territoire, le territoire sous le patrimoine\u00a0\u00bb, financ\u00e9 par la r\u00e9gion des Hauts-de-France et l\u2019\u00c9tat) sur la question des patrimoines vivants maritimes des Hauts-de-France. Si les villes de Boulogne-sur-Mer, \u00c9taples et de Dunkerque se sont toutes trois d\u00e9velopp\u00e9es, depuis le XVIII<sup>e<\/sup>\u00a0si\u00e8cle, \u00e0 partir de la p\u00eache, leurs activit\u00e9s portuaires ont donn\u00e9 lieu, au cours des si\u00e8cles \u00e0 un d\u00e9veloppement \u00e9conomique et \u00e0 des processus de patrimonialisation diff\u00e9rents, perceptibles aujourd\u2019hui \u00e0 travers leurs manifestations festives.<\/p>\n<p style=\"font-weight: 400;\">\u00c0 la visibilit\u00e9 et \u00e0 la forte attractivit\u00e9 touristique du Carnaval de Dunkerque, font \u00e9cho, \u00e0 Boulogne-sur-Mer et dans une moindre mesure \u00e0 \u00c9taples, des manifestations plus discr\u00e8tes, qui, organis\u00e9es par les populations locales, notamment les communaut\u00e9s de p\u00eacheurs, contribuent \u00e0 perp\u00e9tuer des traditions encore peu m\u00e9diatis\u00e9es. La m\u00e9moire de Dunkerque est, quant \u00e0 elle, orchestr\u00e9e par la ville qui organise le carnaval et semble avoir tout bonnement oubli\u00e9 la p\u00eache, notamment la p\u00eache \u00e0 la morue pratiqu\u00e9e au XIX<sup>e<\/sup> si\u00e8cle, au profit des corsaires (Jean Bart) et de f\u00eates largement publicis\u00e9es.\u00a0<\/p>\n<p style=\"font-weight: 400;\">\u00c0 Boulogne-sur-Mer et \u00c9taples, des f\u00eates relativement modestes, peu patrimonialis\u00e9es, restent entre les mains des associations patrimoniales locales. \u00a0Ce patrimoine immat\u00e9riel maritime est d\u00e8s lors peu reconnu. Le patrimoine immat\u00e9riel maritime est de surcro\u00eet largement dot\u00e9 d\u2019invisibilit\u00e9 selon les localit\u00e9s. A Dunkerque, au contraire, un carnaval m\u00e9diatis\u00e9 attire un public nombreux venu de l\u2019ext\u00e9rieur.<\/p>\n<p style=\"font-weight: 400;\">L\u2019exposition est compos\u00e9e de plusieurs sections :<\/p>\n<ul>\n<li><a href=\"https:\/\/patrimoinesinvisibles.com\/index.php\/2025\/03\/12\/boulogne-et-geants\/\">G\u00e9ants de Boulogne et de Dunkerque<\/a><\/li>\n<li><a href=\"https:\/\/patrimoinesinvisibles.com\/index.php\/2025\/03\/12\/chants-et-danses-de-boulogne\/\">Chansons et danses boulonnaises<\/a><\/li>\n<li><a href=\"https:\/\/patrimoinesinvisibles.com\/index.php\/2025\/03\/12\/boulogne-et-etaples\/\">F\u00eate de la Beuri\u00e8re \u00e0 Boulogne-sur-Mer<\/a><\/li>\n<li><a href=\"https:\/\/patrimoinesinvisibles.com\/index.php\/2025\/03\/12\/chantier-naval-a-etaples\/\">Chantier naval \u00e0 \u00c9taples<\/a><\/li>\n<li><a href=\"https:\/\/patrimoinesinvisibles.com\/index.php\/2025\/03\/12\/carnaval-de-dunkerque\/\">Carnaval de Dunkerque<\/a><\/li>\n<\/ul>\n<p>\u00a0<\/p>\n<p style=\"font-weight: 400;\">Les photographies et les films ont \u00e9t\u00e9 r\u00e9alis\u00e9s par Nathalie Gauthard<\/p>\n<p style=\"font-weight: 400;\">Les cartels par Tiphaine Barth\u00e9l\u00e9my, Nathalie Gauthard et Sophie-Anne Leterrier.<\/p>\t\t\t\t\t\t\t\t<\/div>\n\t\t\t\t<\/div>\n\t\t\t\t\t<\/div>\n\t\t\t\t<\/div>\n\t\t\t\t<\/div>\n\t\t","protected":false},"excerpt":{"rendered":"<p>Le patrimoine maritime \u00e0 travers ses f\u00eates : Boulogne-sur-Mer, \u00c9taples, Dunkerque Cette exposition rend compte d\u2019un travail d\u2019enqu\u00eate de terrain r\u00e9alis\u00e9 dans le cadre d\u2019un appel \u00e0 projets (CPER Anamorphoses, \u00ab\u00a0Anamorphose. Le patrimoine sous le territoire, le territoire sous le patrimoine\u00a0\u00bb, financ\u00e9 par la r\u00e9gion des Hauts-de-France et l\u2019\u00c9tat) sur la question des patrimoines vivants [&hellip;]<\/p>\n","protected":false},"author":1,"featured_media":0,"parent":0,"menu_order":0,"comment_status":"closed","ping_status":"closed","template":"","meta":{"_acf_changed":false,"footnotes":""},"class_list":["post-58","page","type-page","status-publish","hentry"],"acf":[],"_links":{"self":[{"href":"https:\/\/patrimoinesinvisibles.com\/index.php\/wp-json\/wp\/v2\/pages\/58","targetHints":{"allow":["GET"]}}],"collection":[{"href":"https:\/\/patrimoinesinvisibles.com\/index.php\/wp-json\/wp\/v2\/pages"}],"about":[{"href":"https:\/\/patrimoinesinvisibles.com\/index.php\/wp-json\/wp\/v2\/types\/page"}],"author":[{"embeddable":true,"href":"https:\/\/patrimoinesinvisibles.com\/index.php\/wp-json\/wp\/v2\/users\/1"}],"replies":[{"embeddable":true,"href":"https:\/\/patrimoinesinvisibles.com\/index.php\/wp-json\/wp\/v2\/comments?post=58"}],"version-history":[{"count":20,"href":"https:\/\/patrimoinesinvisibles.com\/index.php\/wp-json\/wp\/v2\/pages\/58\/revisions"}],"predecessor-version":[{"id":1211,"href":"https:\/\/patrimoinesinvisibles.com\/index.php\/wp-json\/wp\/v2\/pages\/58\/revisions\/1211"}],"wp:attachment":[{"href":"https:\/\/patrimoinesinvisibles.com\/index.php\/wp-json\/wp\/v2\/media?parent=58"}],"curies":[{"name":"wp","href":"https:\/\/api.w.org\/{rel}","templated":true}]}}

Les fêtes du littoral

<div data-elementor-type="wp-page" data-elementor-id="58" class="elementor elementor-58" data-elementor-post-type="page">
				<div class="elementor-element elementor-element-9b6435b e-flex e-con-boxed e-con e-parent" data-id="9b6435b" data-element_type="container" data-e-type="container">
					<div class="e-con-inner">
				<div class="elementor-element elementor-element-ea61d07 elementor-widget elementor-widget-spacer" data-id="ea61d07" data-element_type="widget" data-e-type="widget" data-widget_type="spacer.default">
				<div class="elementor-widget-container">
							<div class="elementor-spacer">
			<div class="elementor-spacer-inner"></div>
		</div>
						</div>
				</div>
				<div class="elementor-element elementor-element-40e9859 elementor-widget elementor-widget-heading" data-id="40e9859" data-element_type="widget" data-e-type="widget" data-widget_type="heading.default">
				<div class="elementor-widget-container">
					<h2 class="elementor-heading-title elementor-size-default">Le patrimoine maritime à travers ses fêtes : Boulogne-sur-Mer, Étaples, Dunkerque</h2>				</div>
				</div>
				<div class="elementor-element elementor-element-3460aa5 elementor-widget elementor-widget-spacer" data-id="3460aa5" data-element_type="widget" data-e-type="widget" data-widget_type="spacer.default">
				<div class="elementor-widget-container">
							<div class="elementor-spacer">
			<div class="elementor-spacer-inner"></div>
		</div>
						</div>
				</div>
				<div class="elementor-element elementor-element-aeec6a8 elementor-widget elementor-widget-text-editor" data-id="aeec6a8" data-element_type="widget" data-e-type="widget" data-widget_type="text-editor.default">
				<div class="elementor-widget-container">
									<p style="font-weight: 400;">Cette exposition rend compte d’un travail d’enquête de terrain réalisé dans le cadre d’un appel à projets (CPER Anamorphoses, « Anamorphose. Le patrimoine sous le territoire, le territoire sous le patrimoine », financé par la région des Hauts-de-France et l’État) sur la question des patrimoines vivants maritimes des Hauts-de-France. Si les villes de Boulogne-sur-Mer, Étaples et de Dunkerque se sont toutes trois développées, depuis le XVIII<sup>e</sup> siècle, à partir de la pêche, leurs activités portuaires ont donné lieu, au cours des siècles à un développement économique et à des processus de patrimonialisation différents, perceptibles aujourd’hui à travers leurs manifestations festives.</p>
<p style="font-weight: 400;">À la visibilité et à la forte attractivité touristique du Carnaval de Dunkerque, font écho, à Boulogne-sur-Mer et dans une moindre mesure à Étaples, des manifestations plus discrètes, qui, organisées par les populations locales, notamment les communautés de pêcheurs, contribuent à perpétuer des traditions encore peu médiatisées. La mémoire de Dunkerque est, quant à elle, orchestrée par la ville qui organise le carnaval et semble avoir tout bonnement oublié la pêche, notamment la pêche à la morue pratiquée au XIX<sup>e</sup> siècle, au profit des corsaires (Jean Bart) et de fêtes largement publicisées. </p>
<p style="font-weight: 400;">À Boulogne-sur-Mer et Étaples, des fêtes relativement modestes, peu patrimonialisées, restent entre les mains des associations patrimoniales locales.  Ce patrimoine immatériel maritime est dès lors peu reconnu. Le patrimoine immatériel maritime est de surcroît largement doté d’invisibilité selon les localités. A Dunkerque, au contraire, un carnaval médiatisé attire un public nombreux venu de l’extérieur.</p>
<p style="font-weight: 400;">L’exposition est composée de plusieurs sections :</p>
<ul>
<li><a href="https://patrimoinesinvisibles.com/index.php/2025/03/12/boulogne-et-geants/">Géants de Boulogne et de Dunkerque</a></li>
<li><a href="https://patrimoinesinvisibles.com/index.php/2025/03/12/chants-et-danses-de-boulogne/">Chansons et danses boulonnaises</a></li>
<li><a href="https://patrimoinesinvisibles.com/index.php/2025/03/12/boulogne-et-etaples/">Fête de la Beurière à Boulogne-sur-Mer</a></li>
<li><a href="https://patrimoinesinvisibles.com/index.php/2025/03/12/chantier-naval-a-etaples/">Chantier naval à Étaples</a></li>
<li><a href="https://patrimoinesinvisibles.com/index.php/2025/03/12/carnaval-de-dunkerque/">Carnaval de Dunkerque</a></li>
</ul>
<p> </p>
<p style="font-weight: 400;">Les photographies et les films ont été réalisés par Nathalie Gauthard</p>
<p style="font-weight: 400;">Les cartels par Tiphaine Barthélémy, Nathalie Gauthard et Sophie-Anne Leterrier.</p>								</div>
				</div>
					</div>
				</div>
				</div>

<p>Le patrimoine maritime à travers ses fêtes : Boulogne-sur-Mer, Étaples, Dunkerque Cette exposition rend compte d’un travail d’enquête de terrain réalisé dans le cadre d’un appel à projets (CPER Anamorphoses, « Anamorphose. Le patrimoine sous le territoire, le territoire sous le patrimoine », financé par la région des Hauts-de-France et l’État) sur la question des patrimoines vivants [&hellip;]</p>
